{"id":226,"date":"2020-07-22T10:14:42","date_gmt":"2020-07-22T08:14:42","guid":{"rendered":"http:\/\/johannis-freiberg.de\/?page_id=226"},"modified":"2021-12-18T18:30:19","modified_gmt":"2021-12-18T17:30:19","slug":"kindergaerten","status":"publish","type":"page","link":"https:\/\/www.petri-johannis-freiberg.de\/?page_id=226","title":{"rendered":"Kinderg\u00e4rten"},"content":{"rendered":"\n<div class=\"wp-block-image\"><figure class=\"alignright is-resized\"><img loading=\"lazy\" decoding=\"async\" src=\"http:\/\/johannis-freiberg.de\/wp-content\/uploads\/Kindergarten.jpg\" alt=\"\" class=\"wp-image-166\" width=\"293\" height=\"220\" srcset=\"https:\/\/www.petri-johannis-freiberg.de\/wp-content\/uploads\/Kindergarten.jpg 800w, https:\/\/www.petri-johannis-freiberg.de\/wp-content\/uploads\/Kindergarten-300x225.jpg 300w, https:\/\/www.petri-johannis-freiberg.de\/wp-content\/uploads\/Kindergarten-768x576.jpg 768w\" sizes=\"auto, (max-width: 293px) 100vw, 293px\" \/><\/figure><\/div>\n\n\n\n<p>Die Arbeit mit Familien und Kindern liegt uns am Herzen. Daher betreiben  wir als Tr\u00e4ger mit dem Kindergarten \u201e<a href=\"https:\/\/www.petri-johannis-freiberg.de\/?page_id=1210\">Petri-Nikolai<\/a>\u201c in der  Himmelfahrtsgasse und dem Kindergarten \u201e<a href=\"https:\/\/www.petri-johannis-freiberg.de\/?page_id=1213\">St. Johannis<\/a>\u201c am Roten Weg zwei  evangelische Kinderg\u00e4rten. Im Kindergarten \u201ePetri-Nikolai\u201c stehen 86  Betreuungspl\u00e4tze, 12 davon f\u00fcr Kinder ab 2 Jahre zur Verf\u00fcgung. Im  Kindergarten \u201eSt. Johannis\u201c halten wir 37 Betreuungspl\u00e4tze bereit, 7  davon ebenfalls f\u00fcr Kinder ab 2 Jahren. Beide Kinderg\u00e4rten haben ihre  eigene Pr\u00e4gung. Gemeinsam ist beiden die Achtung der Pers\u00f6nlichkeit  eines jeden Kindes, Angebote zur Entdeckung und Ein\u00fcbung des  evangelischen Glaubens, frisch gekochtes Essen aus eigener K\u00fcche sowie  das gemeinsame Leitbild, das wir \u00fcberschreiben mit den Stichworten  \u201egeborgen \u2013 geachtet \u2013 gest\u00e4rkt\u201c. <\/p>\n\n\n\n<h2 class=\"wp-block-heading\">Unser Leitbild<\/h2>\n\n\n\n<p>Geborgen &#8211; geachtet &#8211; gest\u00e4rkt. Die Grundlagen unserer Arbeit basieren auf den Prinzipien des christlichen Glaubens, des Miteinanders, der Wertsch\u00e4tzung und der Gemeinschaft. Jeden Menschen sehen wir als ein Gesch\u00f6pf und ein Geschenk Gottes, einmalig und wertvoll. Wir begleiten die Kinder auf einem Teil ihres Lebensweges und m\u00f6chten ihnen die M\u00f6glichkeit geben, sich zu selbst\u00e4ndigen und selbstbewussten Menschen zu entwickeln. Im respektvollen Umgang miteinander achten wir die Kinder und ihre Familien. Sie erleben, dass sie angenommen und gew\u00fcnscht sind.<\/p>\n","protected":false},"excerpt":{"rendered":"<p>Die Arbeit mit Familien und Kindern liegt uns am Herzen. Daher betreiben wir als Tr\u00e4ger mit dem Kindergarten \u201ePetri-Nikolai\u201c in der Himmelfahrtsgasse und dem Kindergarten \u201eSt. Johannis\u201c am Roten Weg zwei evangelische Kinderg\u00e4rten. Im Kindergarten \u201ePetri-Nikolai\u201c stehen 86 Betreuungspl\u00e4tze, 12 davon f\u00fcr Kinder ab 2 Jahre zur Verf\u00fcgung. Im Kindergarten \u201eSt. Johannis\u201c halten wir 37&hellip;&nbsp;<a href=\"https:\/\/www.petri-johannis-freiberg.de\/?page_id=226\" class=\"\" rel=\"bookmark\">Weiterlesen &raquo;<span class=\"screen-reader-text\">Kinderg\u00e4rten<\/span><\/a><\/p>\n","protected":false},"author":1,"featured_media":0,"parent":0,"menu_order":0,"comment_status":"closed","ping_status":"closed","template":"","meta":{"neve_meta_sidebar":"full-width","neve_meta_container":"","neve_meta_enable_content_width":"on","neve_meta_content_width":100,"neve_meta_title_alignment":"","neve_meta_author_avatar":"","neve_post_elements_order":"","neve_meta_disable_header":"","neve_meta_disable_footer":"","neve_meta_disable_title":"","footnotes":""},"class_list":["post-226","page","type-page","status-publish","hentry"],"_links":{"self":[{"href":"https:\/\/www.petri-johannis-freiberg.de\/index.php?rest_route=\/wp\/v2\/pages\/226","targetHints":{"allow":["GET"]}}],"collection":[{"href":"https:\/\/www.petri-johannis-freiberg.de\/index.php?rest_route=\/wp\/v2\/pages"}],"about":[{"href":"https:\/\/www.petri-johannis-freiberg.de\/index.php?rest_route=\/wp\/v2\/types\/page"}],"author":[{"embeddable":true,"href":"https:\/\/www.petri-johannis-freiberg.de\/index.php?rest_route=\/wp\/v2\/users\/1"}],"replies":[{"embeddable":true,"href":"https:\/\/www.petri-johannis-freiberg.de\/index.php?rest_route=%2Fwp%2Fv2%2Fcomments&post=226"}],"version-history":[{"count":24,"href":"https:\/\/www.petri-johannis-freiberg.de\/index.php?rest_route=\/wp\/v2\/pages\/226\/revisions"}],"predecessor-version":[{"id":1215,"href":"https:\/\/www.petri-johannis-freiberg.de\/index.php?rest_route=\/wp\/v2\/pages\/226\/revisions\/1215"}],"wp:attachment":[{"href":"https:\/\/www.petri-johannis-freiberg.de\/index.php?rest_route=%2Fwp%2Fv2%2Fmedia&parent=226"}],"curies":[{"name":"wp","href":"https:\/\/api.w.org\/{rel}","templated":true}]}}