{"id":30,"date":"2020-02-11T15:40:11","date_gmt":"2020-02-11T15:40:11","guid":{"rendered":"http:\/\/johannis-freiberg.de\/?page_id=30"},"modified":"2025-09-24T11:22:44","modified_gmt":"2025-09-24T09:22:44","slug":"ueber-uns","status":"publish","type":"page","link":"https:\/\/www.petri-johannis-freiberg.de\/?page_id=30","title":{"rendered":"\u00dcber uns"},"content":{"rendered":"<div class=\"wp-block-image\">\n<figure class=\"alignright is-resized\"><img loading=\"lazy\" decoding=\"async\" width=\"1152\" height=\"768\" src=\"http:\/\/johannis-freiberg.de\/wp-content\/uploads\/190609_07_konfirmation.jpg\" alt=\"\" class=\"wp-image-150\" style=\"width:295px;height:196px\" srcset=\"https:\/\/www.petri-johannis-freiberg.de\/wp-content\/uploads\/190609_07_konfirmation.jpg 1152w, https:\/\/www.petri-johannis-freiberg.de\/wp-content\/uploads\/190609_07_konfirmation-300x200.jpg 300w, https:\/\/www.petri-johannis-freiberg.de\/wp-content\/uploads\/190609_07_konfirmation-768x512.jpg 768w, https:\/\/www.petri-johannis-freiberg.de\/wp-content\/uploads\/190609_07_konfirmation-1024x683.jpg 1024w, https:\/\/www.petri-johannis-freiberg.de\/wp-content\/uploads\/190609_07_konfirmation-930x620.jpg 930w\" sizes=\"auto, (max-width: 1152px) 100vw, 1152px\" \/><\/figure><\/div>\n\n\n<p>\n Wir sind eine weltoffene, liberale Kirchgemeinde im Herzen der Silber- \nund Universit\u00e4tsstadt Freiberg. In und um unsere H\u00e4user, der Petrikirche\n und dem Gemeindezentrum St. Johannis, gestalten wir ein \nabwechslungsreiches kirchliches Leben f\u00fcr und mit der Stadt. Als Tr\u00e4ger \nzweier Evangelischer Kinderg\u00e4rten setzen wir einen Schwerpunkt in der \nArbeit mit Kindern und Familien. In Ch\u00f6ren und an unserer \nSilbermannorgel pflegen wir die Tradition der s\u00e4chsischen Kirchenmusik. \nMit unseren Gottesdiensten, Gruppen und Kreisen, Konzerten und anderen \nVeranstaltungen bieten wir Gelegenheiten, Lebensfragen zu stellen und zu\n diskutieren, einander und Gott selbst zu begegnen oder gemeinsam den \nGlauben zu bezeugen und Gott zu loben. Wir laden Sie herzlich ein, zu \nst\u00f6bern und zu schnuppern, teilzunehmen oder sich aktiv bei uns \neinzubringen.<\/p>\n\n\n\n<p>Sie haben Fragen oder Gespr\u00e4chsbedarf? Pfarrer Dr. Michael Stahl und Pfarrerin Birgit Birkner sind gerne f\u00fcr Sie da. <\/p>\n\n\n\n<h2 class=\"wp-block-heading\" id=\"Jugendarbeit\">Kinder- und Jugendarbeit<\/h2>\n\n\n<div class=\"wp-block-image\">\n<figure class=\"alignright is-resized\"><img loading=\"lazy\" decoding=\"async\" width=\"800\" height=\"534\" src=\"http:\/\/johannis-freiberg.de\/wp-content\/uploads\/Kinder-und-Jugendarbeit_Low.jpg\" alt=\"\" class=\"wp-image-161\" style=\"width:293px;height:196px\" srcset=\"https:\/\/www.petri-johannis-freiberg.de\/wp-content\/uploads\/Kinder-und-Jugendarbeit_Low.jpg 800w, https:\/\/www.petri-johannis-freiberg.de\/wp-content\/uploads\/Kinder-und-Jugendarbeit_Low-300x200.jpg 300w, https:\/\/www.petri-johannis-freiberg.de\/wp-content\/uploads\/Kinder-und-Jugendarbeit_Low-768x513.jpg 768w\" sizes=\"auto, (max-width: 800px) 100vw, 800px\" \/><\/figure><\/div>\n\n\n<p> Die Arbeit mit Familien, Kindern und Jugendlichen bildet einen Schwerpunkt unseres Engagements. In unseren Kinderg\u00e4rten, einer Krabbelgruppe, dem Vorschulkreis, der Christenlehre, der Familienkirche, dem Konfirmandenunterricht und der Jungen Gemeinde begleiten wir Familien, Kinder und Jugendliche auf ihrem Glaubens- und Lebensweg. Unsere w\u00f6chentlichen oder monatlichen Andachten, Gottesdienste und Bildungsangebote gestalten wir im Rhythmus des Kirchenjahres. Eng arbeiten wir mit der Albert-Schweitzer-Schule in Freiberg und der Evangelischen Jugend des Kirchenbezirks Freiberg zusammen.<br><\/p>\n\n\n\n<p>Schauen Sie einfach mal vorbei oder fragen Sie unsere beiden Gemeindep\u00e4dagoginnen Theresa Matthes und Tabea Mieth.<\/p>\n\n\n\n<h2 class=\"wp-block-heading\" id=\"Kirchenmusik\">Kirchenmusik<\/h2>\n\n\n<div class=\"wp-block-image\">\n<figure class=\"alignright is-resized\"><img loading=\"lazy\" decoding=\"async\" width=\"1024\" height=\"683\" src=\"http:\/\/johannis-freiberg.de\/wp-content\/uploads\/Kirchenmusik_Chor.jpg\" alt=\"\" class=\"wp-image-160\" style=\"width:297px;height:197px\" srcset=\"https:\/\/www.petri-johannis-freiberg.de\/wp-content\/uploads\/Kirchenmusik_Chor.jpg 1024w, https:\/\/www.petri-johannis-freiberg.de\/wp-content\/uploads\/Kirchenmusik_Chor-300x200.jpg 300w, https:\/\/www.petri-johannis-freiberg.de\/wp-content\/uploads\/Kirchenmusik_Chor-768x512.jpg 768w, https:\/\/www.petri-johannis-freiberg.de\/wp-content\/uploads\/Kirchenmusik_Chor-930x620.jpg 930w\" sizes=\"auto, (max-width: 1024px) 100vw, 1024px\" \/><\/figure><\/div>\n\n\n<p>  In Erinnerung an den ber\u00fchmten Petrikantor Andreas Hammerschmidt und  inmitten der Stadt Gottfried Silbermanns ist die Pflege der Orgelmusik  eine Selbstverst\u00e4ndlichkeit. Regelm\u00e4\u00dfig finden an der Silbermannorgel  von 1735 in der Petrikirche Konzerte und von Mai bis Oktober jeweils  mittwochs um 12:00 Uhr Mittagsmusiken statt. Zudem begleitet dieses  wundervolle Instrument unsere Gottesdienste. Auch dar\u00fcber hinaus wird  die Kirchenmusik bei uns gro\u00dfgeschrieben. Kirchen- und Posaunenchor,  Kurrende und Vorkurrende laden S\u00e4nger*innen und Musiker*innen aller  Altersklassen ein. Gemeinsam zu musizieren macht gl\u00fccklich. <\/p>\n\n\n\n<p>Sie haben  Interesse mitzumachen oder unsere Orgel genauer kennenzulernen? Dann ist  unser Kantor Clemens Lucke der richtige Ansprechpartner.<\/p>\n\n\n\n<h2 class=\"wp-block-heading\" id=\"Gemeindeleben\">Gemeindeleben<\/h2>\n\n\n<div class=\"wp-block-image\">\n<figure class=\"alignright is-resized\"><img loading=\"lazy\" decoding=\"async\" width=\"1152\" height=\"768\" src=\"http:\/\/johannis-freiberg.de\/wp-content\/uploads\/Gemeindeleben.jpg\" alt=\"\" class=\"wp-image-163\" style=\"width:293px;height:195px\" srcset=\"https:\/\/www.petri-johannis-freiberg.de\/wp-content\/uploads\/Gemeindeleben.jpg 1152w, https:\/\/www.petri-johannis-freiberg.de\/wp-content\/uploads\/Gemeindeleben-300x200.jpg 300w, https:\/\/www.petri-johannis-freiberg.de\/wp-content\/uploads\/Gemeindeleben-768x512.jpg 768w, https:\/\/www.petri-johannis-freiberg.de\/wp-content\/uploads\/Gemeindeleben-1024x683.jpg 1024w, https:\/\/www.petri-johannis-freiberg.de\/wp-content\/uploads\/Gemeindeleben-930x620.jpg 930w\" sizes=\"auto, (max-width: 1152px) 100vw, 1152px\" \/><\/figure><\/div>\n\n\n<p> Das Leben unserer Kirchgemeinde entfaltet sich im Gottesdienst und  Seelsorge, in der Arbeit mit Familien, Kindern und Jugendlichen, in der  Kirchenmusik, in Haus- und Gemeindekreisen, wie dem Senioren- und dem  Johanniskreis, bei Ausfahrten und R\u00fcstzeiten sowie in zahlreichen  Kultur- und Bildungsformaten, die wir gemeinsam mit unseren Partnern,  den Kirchgemeinden Freibergs, der Stadt Freiberg, der Diakonie, dem  Netzwerk \u201eFreiberg f\u00fcr alle\u201c und vielen anderen veranstalten. In unseren  H\u00e4usern finden Kunstausstellungen, Theaterauff\u00fchrungen, Vortrags- und  Diskussionsabende, Bibelstunden und Konzerte Raum. <\/p>\n\n\n\n<p>Unsere Gemeinde ist sehr dankbar f\u00fcr die ehrenamtliche\u00a0Unterst\u00fctzung durch Pr\u00e4dikantinnen und Pr\u00e4dikanten, die bei uns und im Kirchenbezirk viele Gottesdienste halten. Die umfangreiche Predigtsammlung von Prof. Klaus Husemann finden Sie <a href=\"http:\/\/www.predigtbuch.de\">hier<\/a>.<\/p>\n\n\n\n<p>Verantwortlich  geleitet wird das Gemeindeleben vom Kirchenvorstand unter dem Vorsitz  von Dr. Eckhard G\u00f6hler. Hinweise und Anregungen finden hier stets ein  offenes Ohr.<\/p>\n\n\n\n<h2 class=\"wp-block-heading\" id=\"Begleitung\"> Begleitung in allen Lebensphasen<\/h2>\n\n\n<div class=\"wp-block-image\">\n<figure class=\"alignright is-resized\"><img loading=\"lazy\" decoding=\"async\" width=\"800\" height=\"400\" src=\"http:\/\/johannis-freiberg.de\/wp-content\/uploads\/Begleitung_Small_.jpg\" alt=\"\" class=\"wp-image-198\" style=\"width:295px;height:148px\" srcset=\"https:\/\/www.petri-johannis-freiberg.de\/wp-content\/uploads\/Begleitung_Small_.jpg 800w, https:\/\/www.petri-johannis-freiberg.de\/wp-content\/uploads\/Begleitung_Small_-300x150.jpg 300w, https:\/\/www.petri-johannis-freiberg.de\/wp-content\/uploads\/Begleitung_Small_-768x384.jpg 768w\" sizes=\"auto, (max-width: 800px) 100vw, 800px\" \/><\/figure><\/div>\n\n\n<p>Gott begleitet unser Leben von der Geburt bis zum Tod und dar\u00fcber hinaus. Als Kirchgemeinde bringen wir diese Begleitung zum Ausdruck, indem wir Menschen taufen und konfirmieren, mit ihnen Hochzeit, Trau- und Konfirmationsjubil\u00e4en feiern, sie im Alter besuchen, beim Sterben begleiten und an sie und ihr Leben im Rahmen einer Trauerfeier erinnern. W\u00fcnschen Sie eine Lebensbegleitung und Seelsorge, so stehen Ihnen Pfarrer Dr. Michael Stahl und Pfarrerin Birgit Birkner gern zur Seite. <\/p>\n\n\n\n<p>In allen organisatorischen Fragen sind die   Verwaltungsmitarbeiterinnen   in unserer Kirchenkanzlei am Untermarkt 1   Ihre kompetenten   Ansprechpartner.<\/p>\n\n\n\n<h2 class=\"wp-block-heading\" id=\"Kindergarten\">Kinderg\u00e4rten<\/h2>\n\n\n<div class=\"wp-block-image\">\n<figure class=\"alignright is-resized\"><img loading=\"lazy\" decoding=\"async\" width=\"800\" height=\"600\" src=\"http:\/\/johannis-freiberg.de\/wp-content\/uploads\/Kindergarten.jpg\" alt=\"\" class=\"wp-image-166\" style=\"width:293px;height:220px\" srcset=\"https:\/\/www.petri-johannis-freiberg.de\/wp-content\/uploads\/Kindergarten.jpg 800w, https:\/\/www.petri-johannis-freiberg.de\/wp-content\/uploads\/Kindergarten-300x225.jpg 300w, https:\/\/www.petri-johannis-freiberg.de\/wp-content\/uploads\/Kindergarten-768x576.jpg 768w\" sizes=\"auto, (max-width: 800px) 100vw, 800px\" \/><\/figure><\/div>\n\n\n<p>Die Arbeit mit Familien und Kindern liegt uns am Herzen. Daher betreiben wir als Tr\u00e4ger mit dem Kindergarten \u201e<a href=\"https:\/\/www.petri-johannis-freiberg.de\/?page_id=1210\">Petri-Nikolai<\/a>\u201c in der Himmelfahrtsgasse und dem Kindergarten \u201e<a href=\"https:\/\/www.petri-johannis-freiberg.de\/?page_id=1213\">St. Johannis<\/a>\u201c am Roten Weg zwei evangelische Kinderg\u00e4rten. Im Kindergarten \u201ePetri-Nikolai\u201c stehen 86 Betreuungspl\u00e4tze, 12 davon f\u00fcr Kinder ab 2 Jahre, zur Verf\u00fcgung. Im Kindergarten \u201eSt. Johannis\u201c halten wir 37 Betreuungspl\u00e4tze bereit, 7 davon ebenfalls f\u00fcr Kinder ab 2 Jahren. Beide Kinderg\u00e4rten haben ihre eigene Pr\u00e4gung. Gemeinsam ist beiden die Achtung der Pers\u00f6nlichkeit eines jeden Kindes, Angebote zur Entdeckung und Ein\u00fcbung des evangelischen Glaubens, frisch gekochtes Essen aus eigener K\u00fcche sowie das gemeinsame Leitbild, das wir \u00fcberschreiben mit den Stichworten \u201eGeborgen \u2013 Geachtet \u2013 Gest\u00e4rkt\u201c. <br><\/p>\n\n\n\n<p>Auf Ihre Fragen und Anmeldungen freuen sich die beiden Leiterinnen Doreen Fr\u00f6be (Petri-Nikolai) und Kerstin M\u00fcller (St. Johannis). <a href=\"http:\/\/johannis-freiberg.de\/?page_id=226\">Mehr\u2026<\/a><\/p>\n\n\n\n<h2 class=\"wp-block-heading\" id=\"Tourismus\">Tourismus<\/h2>\n\n\n<div class=\"wp-block-image\">\n<figure class=\"alignright is-resized\"><img loading=\"lazy\" decoding=\"async\" width=\"1024\" height=\"768\" src=\"http:\/\/johannis-freiberg.de\/wp-content\/uploads\/Tourismus.jpg\" alt=\"\" class=\"wp-image-169\" style=\"width:292px;height:219px\" srcset=\"https:\/\/www.petri-johannis-freiberg.de\/wp-content\/uploads\/Tourismus.jpg 1024w, https:\/\/www.petri-johannis-freiberg.de\/wp-content\/uploads\/Tourismus-300x225.jpg 300w, https:\/\/www.petri-johannis-freiberg.de\/wp-content\/uploads\/Tourismus-768x576.jpg 768w\" sizes=\"auto, (max-width: 1024px) 100vw, 1024px\" \/><\/figure><\/div>\n\n\n<p>Die Petrikirche ist Kirche im Weltkulturerbe \u201eMontanregion Erzgebirge\/Kru\u0161noho\u0159\u00ed\u201c, zu dem die gesamte Altstadt Freibergs geh\u00f6rt. Die Kirche zeugt als Stadt- und B\u00fcrgerkirche vom reichen Erbe dieser Region sowie von der engen Verbindung von Bergbau und H\u00fcttenwesen mit dem christlichen Glauben. Mehrfach dem Geschmack und den Bed\u00fcrfnissen der jeweiligen Zeit entsprechend umgebaut, pr\u00e4sentiert sich die Petrikirche heute als ein multifunktionales Gemeindezentrum mit einer modernen Ausgestaltung des Dresdner K\u00fcnstlers Friedrich Press. Die Petrikirche ist von Ostern bis Oktober von Montag bis Freitag von 11:00 bis 15:00 Uhr verl\u00e4sslich ge\u00f6ffnet, zur Besichtigung, zur Einkehr und zum Gebet. Und weil der Ausblick vom Petriturm, dem h\u00f6chsten Turm der Stadt, einfach \u00fcberw\u00e4ltigend ist, bieten wir regelm\u00e4\u00dfig und auch am Wochenende Turmf\u00fchrungen an. <a href=\"http:\/\/www.petri-johannis-freiberg.de\/?page_id=291\">Mehr\u2026<\/a><\/p>\n\n\n\n<p>Sie wollen mehr erfahren oder die Kirche auch au\u00dferhalb der angegebenen \u00d6ffnungszeiten besuchen? Fragen Sie unseren Turm- und  Kirchenf\u00fchrer Burkhardt Schmugge oder unsere Kirchnerin Ute Piller.<\/p>\n","protected":false},"excerpt":{"rendered":"<p>Wir sind eine weltoffene, liberale Kirchgemeinde im Herzen der Silber- und Universit\u00e4tsstadt Freiberg. In und um unsere H\u00e4user, der Petrikirche und dem Gemeindezentrum St. Johannis, gestalten wir ein abwechslungsreiches kirchliches Leben f\u00fcr und mit der Stadt. Als Tr\u00e4ger zweier Evangelischer Kinderg\u00e4rten setzen wir einen Schwerpunkt in der Arbeit mit Kindern und Familien. In Ch\u00f6ren und&hellip;&nbsp;<a href=\"https:\/\/www.petri-johannis-freiberg.de\/?page_id=30\" class=\"\" rel=\"bookmark\">Weiterlesen &raquo;<span class=\"screen-reader-text\">\u00dcber uns<\/span><\/a><\/p>\n","protected":false},"author":1,"featured_media":0,"parent":0,"menu_order":0,"comment_status":"closed","ping_status":"closed","template":"","meta":{"neve_meta_sidebar":"full-width","neve_meta_container":"","neve_meta_enable_content_width":"on","neve_meta_content_width":100,"neve_meta_title_alignment":"","neve_meta_author_avatar":"","neve_post_elements_order":"","neve_meta_disable_header":"","neve_meta_disable_footer":"","neve_meta_disable_title":"","footnotes":""},"class_list":["post-30","page","type-page","status-publish","hentry"],"_links":{"self":[{"href":"https:\/\/www.petri-johannis-freiberg.de\/index.php?rest_route=\/wp\/v2\/pages\/30","targetHints":{"allow":["GET"]}}],"collection":[{"href":"https:\/\/www.petri-johannis-freiberg.de\/index.php?rest_route=\/wp\/v2\/pages"}],"about":[{"href":"https:\/\/www.petri-johannis-freiberg.de\/index.php?rest_route=\/wp\/v2\/types\/page"}],"author":[{"embeddable":true,"href":"https:\/\/www.petri-johannis-freiberg.de\/index.php?rest_route=\/wp\/v2\/users\/1"}],"replies":[{"embeddable":true,"href":"https:\/\/www.petri-johannis-freiberg.de\/index.php?rest_route=%2Fwp%2Fv2%2Fcomments&post=30"}],"version-history":[{"count":40,"href":"https:\/\/www.petri-johannis-freiberg.de\/index.php?rest_route=\/wp\/v2\/pages\/30\/revisions"}],"predecessor-version":[{"id":6840,"href":"https:\/\/www.petri-johannis-freiberg.de\/index.php?rest_route=\/wp\/v2\/pages\/30\/revisions\/6840"}],"wp:attachment":[{"href":"https:\/\/www.petri-johannis-freiberg.de\/index.php?rest_route=%2Fwp%2Fv2%2Fmedia&parent=30"}],"curies":[{"name":"wp","href":"https:\/\/api.w.org\/{rel}","templated":true}]}}